{"id":809,"date":"2020-03-25T10:57:13","date_gmt":"2020-03-25T09:57:13","guid":{"rendered":"http:\/\/parafianiwa.pl\/?page_id=809"},"modified":"2020-03-25T14:46:27","modified_gmt":"2020-03-25T13:46:27","slug":"wspolnota-czytania-pisma-swietego","status":"publish","type":"page","link":"https:\/\/parafianiwa.pl\/index.php\/wspolnota-czytania-pisma-swietego\/","title":{"rendered":"Wsp\u00f3lnota czytania Pisma \u015awi\u0119tego"},"content":{"rendered":"\n<div id=\"wp-block-themeisle-blocks-slider-ed2a7d4a\" class=\"wp-block-themeisle-blocks-slider glide\" data-per-view=\"1\" data-gap=\"0\" data-peek=\"0\" data-autoplay=\"3000\" data-height=\"400px\"><div class=\"glide__track\" data-glide-el=\"track\"><div class=\"glide__slides\"><div class=\"wp-block-themeisle-blocks-slider-item-wrapper glide__slide\" tabindex=\"0\"><figure><img decoding=\"async\" class=\"wp-block-themeisle-blocks-slider-item\" src=\"http:\/\/parafianiwa.pl\/wp-content\/uploads\/2020\/03\/lilian-dibbern-GX1Dz9cZHc0-unsplash-scaled.jpg\" alt=\"\" title=\"\" data-id=\"863\"\/><\/figure><\/div><\/div><div class=\"glide__bullets\" data-glide-el=\"controls[nav]\"><button class=\"glide__bullet\" data-glide-dir=\"=0\"><\/button><\/div><\/div><\/div>\n\n\n\n<hr class=\"wp-block-separator\"\/>\n\n\n\n<p class=\"has-text-align-center\">To wsp\u00f3lnota za\u0142o\u017cona do wsp\u00f3lnego rozwa\u017cania S\u0142owa Bo\u017cego. Spotkania odbywaj\u0105 si\u0119 co dwa tygodnie w \u015brod\u0119 po Mszy \u015awi\u0119tej wieczornej na plebani. Wsp\u00f3lnota rozwa\u017ca dany fragment Pisma \u015awi\u0119tego i stara si\u0119 zrozumie\u0107 co B\u00f3g ma do powiedzenia, co chce im przekaza\u0107. Na wsp\u00f3lnot\u0119 zapraszamy wszystkich parafian, kt\u00f3rzy chcieli by jeszcze bardziej pog\u0142\u0119bi\u0107 swoj\u0105 wiar\u0119 i zbli\u017cy\u0107 si\u0119 do Boga. Wsp\u00f3lne czytanie S\u0142owa Bo\u017cego zawsze sprawia, \u017ce mo\u017cemy siebie nawzajem ubogaci\u0107, bo przecie\u017c druga osoba, mo\u017ce mi pokaza\u0107 to S\u0142owo ca\u0142kowicie inaczej ni\u017c ja Je rozumiem.<\/p>\n","protected":false},"excerpt":{"rendered":"<p>To wsp\u00f3lnota za\u0142o\u017cona do wsp\u00f3lnego rozwa\u017cania S\u0142owa Bo\u017cego. Spotkania odbywaj\u0105 si\u0119 co dwa tygodnie w \u015brod\u0119 po Mszy \u015awi\u0119tej wieczornej na plebani. [&hellip;]<\/p>\n","protected":false},"author":1,"featured_media":0,"parent":0,"menu_order":0,"comment_status":"closed","ping_status":"closed","template":"","meta":{"footnotes":""},"_links":{"self":[{"href":"https:\/\/parafianiwa.pl\/index.php\/wp-json\/wp\/v2\/pages\/809"}],"collection":[{"href":"https:\/\/parafianiwa.pl\/index.php\/wp-json\/wp\/v2\/pages"}],"about":[{"href":"https:\/\/parafianiwa.pl\/index.php\/wp-json\/wp\/v2\/types\/page"}],"author":[{"embeddable":true,"href":"https:\/\/parafianiwa.pl\/index.php\/wp-json\/wp\/v2\/users\/1"}],"replies":[{"embeddable":true,"href":"https:\/\/parafianiwa.pl\/index.php\/wp-json\/wp\/v2\/comments?post=809"}],"version-history":[{"count":5,"href":"https:\/\/parafianiwa.pl\/index.php\/wp-json\/wp\/v2\/pages\/809\/revisions"}],"predecessor-version":[{"id":866,"href":"https:\/\/parafianiwa.pl\/index.php\/wp-json\/wp\/v2\/pages\/809\/revisions\/866"}],"wp:attachment":[{"href":"https:\/\/parafianiwa.pl\/index.php\/wp-json\/wp\/v2\/media?parent=809"}],"curies":[{"name":"wp","href":"https:\/\/api.w.org\/{rel}","templated":true}]}}